 of k and 112?
16
Let k be 2 + 3 + (138 - (0 + 7)). What is the highest common divisor of 2244 and k?
68
Let s(c) = 103*c - 33*c - 24 - 40*c - 43*c + 20*c**2 + c**3. Let a be s(-18). Calculate the highest common factor of a and 22.
22
Suppose j + 3*j - 332 = -4*u, 0 = 2*j - u - 181. Suppose -8*w - 3*w + j = 0. Calculate the greatest common divisor of w and 68.
4
Let l = -38415 - -38775. What is the highest common divisor of l and 7965?
45
Suppose -655 = -0*m + 11*m - 842. Calculate the greatest common divisor of 9163 and m.
17
Let g = -4180 + 5035. What is the greatest common divisor of 135 and g?
45
Let t be (-4)/(-8)*-2 - 0. Let l be 1190/5 + 5 + t. Let b(c) = c + 18. Let h be b(4). Calculate the greatest common divisor of h and l.
22
Suppose 3*g - 872 = 5*j + 251, -j - 3*g = 239. Let z = 283 + j. Let c = 16 - 8. What is the greatest common divisor of z and c?
8
Let b(q) = -q**2 + q + 35. Let r be b(-5). Suppose -r*u - 129 + 259 = 0. Let a(p) = 10*p**2 - 1. Let d be a(-2). Calculate the highest common factor of d and u.
13
Let a(h) be the second derivative of h**5/20 + 7*h**4/12 - 5*h**3/3 - 33*h**2/2 + h - 6. Let k be a(-4). What is the highest common divisor of 209 and k?
11
Let h = 31 - 23. Let m be (102/h)/3 + (-1)/4. Let x be (-14)/(-4)*12/3. Calculate the highest common divisor of m and x.
2
Suppose 21*n - 459 - 265 - 2531 = 0. What is the highest common divisor of 496 and n?
31
Suppose -10*y + 1177 = 12*y + 165. Let w = 7 - -39. Calculate the greatest common divisor of w and y.
46
Let t be -5 + (2 + -4)*-6 + 4901. What is the highest common factor of t and 12?
12
Let y = -3 + 9. Suppose -2*c - 104 = -y*c. Suppose -2*r - 3*g = -124, -3*r - 5*g = -68 - 117. What is the highest common divisor of r and c?
13
Suppose -4*g = 3*n - 479, 4*g = 3*g - n + 120. Let t = g - 19. Calculate the greatest common factor of t and 50.
50
Let l = -27 - -35. Suppose -k - 3*d + 5 = -0*k, 2*d = -3*k + l. Suppose 0 = -0*f - k*f + 6. What is the highest common divisor of 12 and f?
3
Suppose -p + 2 = 4*i - 16, -2*p + 3*i + 3 = 0. Let q be p/(-33) - (-686)/22. Let t = 200 + -107. Calculate the highest common divisor of q and t.
31
Suppose s + 22*v - 17 = 23*v, -4*s - v + 88 = 0. What is the greatest common divisor of 791 and s?
7
Suppose -3*r - 43 = -3*l + 245, -5*l + r = -500. Let n = -71 + l. Let a be (-40)/(-3)*252/n. Calculate the greatest common divisor of 16 and a.
16
Suppose 5*i - 4*s = 93, 17*i - 13*i = -2*s + 90. Let c = 349 - -8. Calculate the highest common factor of c and i.
21
Let c(t) = -101*t - 4930. Let p be c(-73). Calculate the greatest common divisor of 21 and p.
7
Suppose 8*v - 1190 = 6*v. Let c(z) = -594*z**2 + 11*z - 27 - 12 + 3 + v*z**2. Let y be c(-16). What is the highest common factor of 11 and y?
11
Let n(w) = -177*w - 3111. Let d be n(-19). What is the greatest common factor of d and 3969?
63
Suppose 170*q - 160*q - 760 = 0. Let m be (-24)/36*-370 - 1/(-3). Calculate the greatest common divisor of m and q.
19
Suppose 589 = 29*r - 242 + 251. Calculate the greatest common divisor of r and 460.
20
Let v = -5503 + 5547. What is the highest common divisor of v and 1782?
22
Let r(z) = -13*z - 6. Let h be r(-6). Suppose -2*f = -3 + 9, 3*f - 7 = s. Let y(q) = -32*q - 494. Let o be y(s). What is the highest common factor of h and o?
18
Let a(x) = -31*x + 2377. Let p be a(17). Calculate the highest common factor of 75 and p.
25
Suppose 6*u - 12*u - 38 = -7*u. Calculate the greatest common factor of 8968 and u.
38
Let z = -765 + 863. Suppose 7*f + z = 623. Calculate the greatest common factor of 165 and f.
15
Suppose -27254 - 89007 = -19*p. What is the greatest common factor of 29 and p?
29
Let c be 78/(-4)*(0 - -4). Suppose 0 = 2*b + 3*k + 223, -3*k + 439 = -4*b + 2. Let m = c - b. What is the highest common divisor of 80 and m?
16
Suppose -3*x - 1610 = -8*x. Suppose -43*q + 39*q + 168 = 2*r, 3*r - 312 = 9*q. What is the highest common factor of r and x?
46
Suppose -76 = 26*f - 28*f. Let t = 13 + f. What is the greatest common factor of 17 and t?
17
Let r = -17569 - -17657. Calculate the greatest common divisor of r and 5544.
88
Let y be 45/18*(1 + 691). Let v be y/9 + (70/(-45))/7. Calculate the greatest common factor of v and 144.
48
Let g be (-1 - 29)/(0 - 1). Let r(h) = -h**2 - 30*h - 196. Let q be r(-9). Let b(i) = -19*i - 58. Let u be b(q). What is the highest common factor of g and u?
15
Let j(a) = -2*a**2 + 46*a + 428. Let z be j(30). What is the highest common factor of 8 and z?
8
Suppose -231 = -9*c + 20*c. Let n(z) = -z**2 - 23*z + 49. Let x be n(c). Calculate the highest common factor of x and 13.
13
Suppose 20*k - 3750 = 25*k - 55*k. What is the greatest common factor of 105 and k?
15
Suppose 1592 = 2*q - 224*x + 229*x, 5*x + 1532 = 2*q. What is the greatest common factor of q and 55?
11
Suppose -572 + 12 = -10*a. Let f be (-21)/a - (-11)/(-16)*-18. What is the highest common factor of 72 and f?
12
Let n(a) = 25*a + 462. Let b be n(-18). What is the greatest common divisor of b and 1068?
12
Let j(n) = -5*n**2 + 138*n + 30. Let d be j(19). What is the highest common factor of 242 and d?
121
Suppose -5*a + 1022 = -4*k + 3*k, -a - k = -214. What is the highest common divisor of 5459 and a?
103
Let p = 574 - 571. Suppose -4*g + 100 = -p*y, 0 = 3*y + 21 - 9. Let t = 38 - -72. Calculate the greatest common factor of g and t.
22
Suppose -s + 30 = -0*s. Let r be 10/(-5) - (12 - 19). Suppose 4*t = r*t - s. What is the highest common factor of 15 and t?
15
Let r(l) = 14*l. Let m be r(3). Suppose 3*w + 3*y + 12 = m, -5*y - 5 = 0. Calculate the highest common factor of 396 and w.
11
Let y(t) = 7*t**2 - t - 1. Let c(m) = m**3 + 8*m**2 + 13*m + 7. Let n be c(-6). Let l be y(n). What is the greatest common factor of l and 135?
5
Let y(v) = -2*v**3 + 3*v**2 + 4*v + 5. Let o be y(5). Let u = o - -155. What is the greatest common divisor of u and 3?
1
Let f(h) = 26*h - 105. Let c(r) = r**3 - 7*r**2 - 16*r - 9. Let o be c(9). Let k be f(o). Calculate the highest common factor of k and 3.
3
Let d be 10030 - (765/153)/(2/(2 + 0)). Calculate the highest common factor of 175 and d.
25
Let u(b) = -2*b**3 - b**2 + 2*b + 24. Let s be u(0). What is the highest common factor of s and 136?
8
Let l(k) = k**2 + 40*k + 247. Suppose 2*w = 4*w + 2*h + 14, -5*h = -w - 7. Let r be l(w). Calculate the greatest common factor of 464 and r.
16
Let n(i) = -i**3 + 37*i**2 + 81*i - 84. Let s be n(38). Suppose 0 = y + 4*k - k - 290, -5*y + s = -5*k. What is the greatest common factor of y and 183?
61
Let u be -2 + 635 + (-2 - 6). Suppose -29*l = -999 - u. Calculate the highest common divisor of 1064 and l.
56
Let o(v) = -17*v + 62. Suppose -3*f - 15 = 2*x, -2*x + f + 20 = -3*f. Let z be o(x). Suppose -93 = a - 2*a. Calculate the greatest common factor of a and z.
31
Let j(p) = 2*p + 54. Let q be j(-25). Suppose 10 = 3*o + q*x, -x + 35 = -41*o + 45*o. What is the highest common factor of 5 and o?
5
Let k = 27 - 28. Let w be 20 + k - (-3 - -6). Let l = 220 - 108. Calculate the highest common factor of l and w.
16
Let z be (34/4)/(2/40). Let x(s) = -s**2 - 24*s - 78. Let t be x(-20). Suppose 170 = t*d + 3*d. What is the greatest common divisor of d and z?
34
Suppose 0 = 5*l + 4*t + 5, 0 = -3*l - 2*t + 7*t + 34. Suppose 61 + 44 = l*u. Let z = -24 + u. Calculate the greatest common factor of z and 22.
11
Suppose 177*z + 20 = 172*z, -z = -q + 38. Let m = 143 + -141. What is the highest common factor of m and q?
2
Let q = -394 + 407. Suppose -2*m + 140 = l, q*m - 273 = -2*l + 16*m. What is the highest common factor of 368 and l?
46
Let d = 15638 + -15632. What is the greatest common divisor of d and 49?
1
Suppose 1077 - 633 = 3*x + 2*k, 0 = 2*k + 36. Suppose 264 = 5*t - 536. Suppose -l - 4*f + 32 = -f, -t = -5*l - f. What is the greatest common factor of x and l?
32
Let r be ((-9)/2)/((-1)/2). Suppose -28670 + 59729 = 203*l. What is the greatest common factor of l and r?
9
Let l(o) be the first derivative of -o**4/4 + o**3/3 + 7*o**2 + 8*o + 1. Let a be l(-6). Calculate the greatest common divisor of a and 48.
16
Suppose 856 = 3*u - 58*s + 57*s, 256 = u - 4*s. What is the highest common factor of u and 1024?
32
Let m(q) = -q**3 - 18*q**2 - 33*q - 87. Let z be m(-23). Calculate